(-5)?
-12
Let n(g) = g**3 + 11*g**2 - g - 10. Let h be n(-11). Let m(w) = 8*w**3 - w. What is m(h)?
7
Let b(r) = r**3 + 11*r**2 - 12*r + 5. Let s be b(-12). Let n(d) = 0*d**3 - d**3 - s + 3 + d. Determine n(2).
-8
Suppose 5*a + 0*a = 10. Let w(h) = -2*h - 1 + 0*h - h**3 - h - a*h**2. Suppose -4*b + 5*c - 13 = 0, 4*b - c - c = -10. What is w(b)?
5
Let u(d) = -d**2 - d + 1. Let y(a) = -4*a**2 - 6*a + 8. Let t(b) = 3*u(b) - y(b). Give t(-5).
5
Let w(x) = x - 9. Let q(b) = b - 4. Let g(p) = 5*q(p) - 3*w(p). Let i be g(-6). Let j = i + 4. Let c(f) = f + 1. Determine c(j).
0
Let h = 3 - 1. Let q(s) be the third derivative of s**5/60 - s**4/6 + s**3/2 - 6*s**2. Give q(h).
-1
Let d(n) = n - 9. Suppose 4*o - 8 = 4*q, -5*q - 3 = 4*o + 25. Let a = -2 - o. Suppose -g + a*g = 0. Determine d(g).
-9
Let q be 13/4 - (-2)/(-8). Let v(j) = -3*j**2 + j - 2*j + j**3 + 4*j**2 - q - j. What is v(-2)?
-3
Let h(g) = g**3 - 5*g**2 - 7*g - 3. Let a(x) = 3*x**3 - 16*x**2 - 22*x - 10. Let p(k) = -2*a(k) + 7*h(k). Calculate p(4).
-5
Let r(a) be the third derivative of a**7/5040 - a**6/180 + a**5/60 + a**2. Let x(p) be the third derivative of r(p). What is x(4)?
0
Let j = -8 + 10. Suppose 20 = -j*l - 3*l. Let z(n) = 3*n + 2. Calculate z(l).
-10
Let c(r) be the first derivative of 0*r**2 + 1/4*r**4 - 1 - 1/3*r**3 - 7*r. Calculate c(0).
-7
Let a(l) be the first derivative of l**2/2 + 4*l + 1. Determine a(0).
4
Let f = 29 + -16. Let i(q) = 3 - f*q**2 + 14*q**2 + 2*q - 7*q - q. Determine i(4).
-5
Let f(h) be the third derivative of h**4/8 - h**3/6 + 2*h**2. What is f(-3)?
-10
Let h(c) = 6*c + 1. Suppose -w + 5*w = 0. Let a(d) = d**2 - d + 1. Let l be a(w). Calculate h(l).
7
Let r(q) = -q**2 + 5*q. Let v = -30 - -21. Let c = v + 15. Calculate r(c).
-6
Let h = 0 - -3. Let g(q) = 7*q - 12. Let i(s) = -3*s + 6. Let z(n) = 2*g(n) + 5*i(n). Calculate z(h).
3
Let k(s) = 10*s**3 + 1. Suppose 17 = 7*j + 24. What is k(j)?
-9
Let q(j) = -2*j + 1 + 3 + 6*j - j. Calculate q(-4).
-8
Let z(q) = 2*q**3 - 3*q**2 + 2. Let a(m) = m**2 + 9*m + 2. Let i be a(-9). Calculate z(i).
6
Let o(m) = -6*m. Suppose d = 5*w - 2, w = -5*d + d + 13. Suppose a - d*a - 2 = 0. What is o(a)?
6
Let i = -2 + 6. Suppose i*x = 5*x. Let q = x - 1. Let g(l) = 12*l**3 + 2*l**2 + 2*l + 1. What is g(q)?
-11
Suppose 8 = 4*f, -3 + 13 = 3*w + 2*f. Let l(y) = -3*y + 1. What is l(w)?
-5
Let m(o) = o**2 + 12*o - 8. Let t = -93 - -80. What is m(t)?
5
Let n(t) = -t**3 + 5*t**2 + t - 4. Suppose -4 = 4*s + 4*k + 16, 0 = k + 5. Suppose -15 = 5*i, -c - i + s + 2 = 0. What is n(c)?
1
Let q be 4/30 - 460/75. Let i(x) = -x**2 - 8*x - 4. Determine i(q).
8
Let g be (-4)/(-18) - (-7)/9. Let v(z) = -10*z**2 - 5*z + 6. Let h(p) = 20*p**2 + 9*p - 11. Let w(b) = 6*h(b) + 11*v(b). Calculate w(g).
9
Let f(j) = -14*j**2 + 5*j + 2. Let n(b) = -7*b**2 + 3*b + 1. Let h(r) = -3*f(r) + 5*n(r). What is h(-1)?
6
Suppose -14*z - 6 = -11*z. Let q(p) = -p**2 - 3*p - 2. Determine q(z).
0
Let l = 10 + -7. Let c = l + -5. Let g(v) = -v + 1. Calculate g(c).
3
Let h(u) = 4*u + 4. Let r = 77 + -81. Calculate h(r).
-12
Let n(c) be the second derivative of c**3/6 + 9*c**2/2 + 14*c. Determine n(-8).
1
Let u(h) be the third derivative of -h**4/12 + 2*h**3/3 + 4*h**2. Let r(f) = f - 2. Let y(z) = -5*r(z) - 2*u(z). Suppose -4*n + 9 = -n. Give y(n).
-1
Let k(q) = q**3 - 2*q**2 - 5*q + 2. Let d(l) = l - 4. Suppose -6 = -2*o - 2. Let f be d(o). Let g be (-29)/(-9) + f/9. Calculate k(g).
-4
Suppose -3*y - p = -5*y - 30, -p = 0. Let b(m) = -m - 10. Let a be b(y). Let c(i) = -i**3 + 4*i**2 + 4*i + 4. Calculate c(a).
-1
Suppose -4*d = s - 4, -5*d - 20 = -5*s - 4*d. Suppose -10 = -b - s*b. Let t(v) = -6*v + 5 + b*v**2 - 2*v**2 + v**2. Give t(6).
5
Let k(n) = -8*n**3 + 1. Let y(i) = i**3 - i**2 - 2*i - 1. Let j be y(0). What is k(j)?
9
Let d(t) = -t**2 + 4*t + 4. Let k(v) = v. Let x be k(3). Let y be (-4)/(-5)*15/x. What is d(y)?
4
Let a(q) = 2 + 1 - 8 + 2 - 3*q. Give a(-2).
3
Let l(z) = 5*z + 3 - 6*z - 6. Give l(3).
-6
Suppose 0 = -2*o - 4*s - 4, -o + s = -6 - 4. Let h(m) = -m - 3. What is h(o)?
-9
Let p(b) = -b**3 + 2. Let x be 3*-4*14/(-21). Let l = x - 11. Let z = -3 - l. Determine p(z).
2
Let r(z) = 3 + 6*z - 3. Suppose 2*n + 8 = 4*j, 4 = -5*n - 4*j + 12. Suppose n = c - 0 - 1. Give r(c).
6
Let k(y) be the third derivative of y**4/24 + y**3/6 + 5*y**2. Let s be k(4). Let l(r) = -r**2 + 5*r + 1. What is l(s)?
1
Suppose -8*c = -3*c - u - 18, 4*u = 8. Let d(i) be the first derivative of 4/3*i**3 - 1/4*i**4 - i**2 + 3 + c*i. Determine d(3).
7
Let z(q) be the third derivative of -q**6/120 + q**5/10 - q**4/8 - 7*q**3/6 + 17*q**2. Give z(5).
3
Let a = -196 + 185. Let o(r) = -r**3 - 11*r**2 + r + 4. What is o(a)?
-7
Let y(d) = d**3 + d**2 - d. Let b(h) = -3*h**3 + 4*h**2 + 10*h - 6. Let z(g) = -b(g) - 4*y(g). Calculate z(-7).
-1
Let i be (2/6)/(7/(-63)). Let g(x) = x**3 + 1 + x**2 + 0*x**3 + 4*x + 4*x**2. Calculate g(i).
7
Let r(v) = v - 1. Let p(l) be the third derivative of -l**6/120 - l**5/12 - l**4/24 - l**3/2 - l**2. Let d be 1/(4/(-10))*2. Let k be p(d). Calculate r(k).
1
Let d(a) = -2*a + 3. Suppose 16 = 4*v + 2*k - 0*k, -2*k = 0. Suppose 4 = 3*s - 0*s - v*g, -5*g = -s + 5. Suppose s = 2*t - 5*t - 12. Calculate d(t).
11
Let j(q) = q**3 - 6*q**2 - 8*q + 7. Let s be j(7). Let t(g) = -g - 7. Determine t(s).
-7
Let d(j) be the first derivative of j**2/2 - 5. What is d(5)?
5
Let b(d) = -5 + 2*d - 3*d + 0*d + 3*d. Calculate b(5).
5
Let p(z) = -3*z + 4*z + 7*z**2 + 1 - 6*z**2. Let n = -2 - -1. Let j be (-1)/2*0*n. Calculate p(j).
1
Suppose 3*g = 5*f - 2*g - 40, f - 23 = 4*g. Let r(v) = -1 - 3*v - f*v + 5*v. Let w(j) = -5*j**2 - j + 1. Let y be w(1). What is r(y)?
4
Let x(m) = 9*m + 1. Suppose -4*p - p = 0. Suppose p*h - 10 = -2*h. Let r(s) = 44*s + 4. Let f(i) = h*r(i) - 24*x(i). Calculate f(3).
8
Let s(b) = -3 - 4 + b**2 + 6 - 3 - 7*b. Let k be 3/(-18)*-3*12. Give s(k).
-10
Let s(z) = 2*z + 1. Let p(w) = -w**2 - 5*w - 10. Let t be p(-4). Determine s(t).
-11
Let u(x) = -7*x + 1. Let a(t) = 13*t - 1. Let s(p) = -3*a(p) - 5*u(p). Let j be ((-3)/(-2))/((-15)/20). Calculate s(j).
6
Suppose 2*l - 12 + 2 = 0. Let k(m) be the second derivative of 2*m**2 + 0 - 7/6*m**3 + 1/12*m**4 + 3*m. Calculate k(l).
-6
Suppose k - g = 6, -4*k + 4*g = -g - 27. Let o = k + -6. Let n(h) = -h + 4. Let u(s) = -2. Let a(c) = -3*n(c) - 7*u(c). Give a(o).
-7
Let a(h) = h**3 - 2*h**2 + 2*h - 2. Suppose -9 = -3*n, 5*c + 0*c + 18 = -4*n. Let p = -11 - c. Let o = p - -7. Determine a(o).
2
Suppose -6 = 3*l - 24. Let j(x) = x**2 - x - 3. Calculate j(l).
27
Let b(l) = 3*l**2 + l. Let v = -10 - -11. What is b(v)?
4
Let x(n) = 0 + 0 - 5*n. Suppose -5*f + 3*z = -2*z - 20, 0 = -f - 4*z - 11. Give x(f).
-5
Let f be 4*3*1/3. Let q(u) = -5*u**2 + 3*u + 2. Let p(j) = -3*j**2 + j + 1. Let r(k) = f*q(k) - 7*p(k). Suppose 3*d + 0*d + 12 = 0. Determine r(d).
-3
Let p(g) = -g**3 + 5*g**2 + 5*g + 4. Let h be p(6). Let u = 1 - h. Let w(t) = 0*t**u + 6 + 3*t**2 + t**3 - t - 1. Calculate w(-4).
-7
Let l(i) = i**2 - i + 1. Let p(q) = -2*q**2 + 6*q + 1. Let g(s) = 3*l(s) + p(s). Let b be ((-6)/(-2*1))/(-1). Calculate g(b).
4
Let b(t) = 3 - 4 - 12*t - 6*t + 17*t. Let y be 30/(-7) - (-2)/7. Give b(y).
3
Let p(w) be the first derivative of w**4/4 - 7*w**3/3 - 7*w - 2. Give p(7).
-7
Let l be 14/6 + (-6)/(-9). Suppose -2*r - c + l = 0, 0 = -4*r + 2*c - 7*c + 9. Let q(y) = 6*y**3 - 2*y**2 + 2*y - 1. What is q(r)?
5
Let d(n) = -n**2 - 1. Let z(r) = 3*r**2 - 6*r + 7. Let o(l) = -4*d(l) - z(l). Determine o(-6).
-3
Let o(m) = -m**2 + 2*m + 1. Let b = -2 + 4. Suppose 0 = f + b - 6. Calculate o(f).
-7
Let s(q) be the second derivative of -q**3/6 + 13*q**2/2 - 10*q. Let x = -3 + 10. Determine s(x).
6
Let d be -1*1/((-3)/6). Let s be (-2)/d - (-3 - -4). Let a(b) be the third derivative of b**6/120 + b**5/30 + b**4/6 + b**3/3 - 18*b**2. What is a(s)?
-6
Let c = -3 + 8. Let x(s) = s**2 - 6*s - 6. Give x(c).
-11
Let u(w) be the second derivative of -w**4/12 - w**3/2 + 23*w. Determine u(-4).
-4
Let p be (-2 + 4/2)/2. Suppose -z + 2*z = p. Let h(f) = f + 0*f**2 + z*f**2 - 2 + f**3. Give h(0).
-2
Let t(o) = -18 + 64 - o + 0*o - 34. Calculate t(11).
1
Let f(d) be the first derivative of -d**2 - 7*d - 2. Let l be -1 - (-3 + 5 + -7). Suppose -3*c + 2*m